93*o. Suppose f - 162 = -i, 0 = -o*i - 2*i + 5*f + 675. What is the tens digit of i?
6
Let l(r) = 7*r**2 - 3*r + 4. Suppose -2*x + 1 = -5. What is the tens digit of l(x)?
5
What is the thousands digit of (-4004)/(11 + -10 + -3)?
2
Let h(d) = 10*d + 170. Suppose -2*t + 2*g - 6 = 0, -5*t - g - 3 = 18. Let n(k) = -k - 19. Let l(j) = t*h(j) - 35*n(j). What is the tens digit of l(-8)?
2
What is the units digit of 79*(2 - (3/(-1) + 3))?
8
Let d be 0/27 + 2*(-2)/4. What is the units digit of ((d + 0)*-2)/(4/58)?
9
Suppose 0*c + 20 = 4*c. Suppose -a = -4*o + 4*a - 27, 0 = c*o + a + 12. Let i(u) = 3*u**2 + 3*u - 3. What is the tens digit of i(o)?
1
Suppose -4*v = -1272 - 284. What is the units digit of v?
9
Let u(p) = -p**2 + 79. Let w be u(0). Suppose 0 = -x - 0*x + w. Suppose 3*m - 2 - x = 0. What is the tens digit of m?
2
Suppose 3*w = 2*d - w - 4, 4*w + 6 = d. What is the tens digit of (d*231)/(-3) + 5?
5
Let g(w) = w**3 - 14*w**2 - 12*w + 5. Let s be 6/10 - 432/(-30). Let m be g(s). Suppose 6*d - 8*d = -m. What is the units digit of d?
5
Suppose 21*q - 17*q = 16. Suppose 0 = -r - 2*o + 18 - 5, -20 = q*o. What is the tens digit of r?
2
Suppose -5*w + 15 = -10*w. Let i(d) = 6*d**2 + 5*d - 4. What is the tens digit of i(w)?
3
Suppose 0 = 5*p - 41 - 14. Let c(b) = -73*b**2 + 2*b + 1. Let u(y) = 218*y**2 - 6*y - 3. Let k(t) = p*c(t) + 4*u(t). What is the tens digit of k(-1)?
7
Let k = 793 - 207. What is the hundreds digit of k?
5
Let k be (-6)/(-6) + (-1 - 4). Let q(b) = -48*b - 13. Let y be q(k). Suppose 2*h = x - 61, -x + 5*h = 2*x - y. What is the tens digit of x?
5
Let v be (7 + -3)*(-4)/(-2). Suppose 0*d + v = 2*d. Suppose 0 = -d*g, 0 = -3*s - s + 2*g + 72. What is the tens digit of s?
1
Let f = 259 + 391. Suppose 5*i = 3*v + f, 2*v - 568 = -3*i - 178. What is the hundreds digit of i?
1
Let r(x) = 125*x**2 - 7*x - 50. What is the thousands digit of r(5)?
3
Let s(p) = 6*p**2 - 11*p + 82. What is the tens digit of s(-14)?
1
Let i be 16/(-28) + 616/49. Let l be ((-12)/1)/2*2. Let f = i - l. What is the tens digit of f?
2
Suppose -19*g - 3566 = -21*g. What is the units digit of g?
3
What is the hundreds digit of (-208923)/(-351) + 2/(-9)?
5
Let s(n) = -n**3 - 26*n**2 - 196*n - 24. What is the units digit of s(-22)?
2
Let s = -78 - -116. Suppose -4*b + 102 = s. What is the units digit of b?
6
Let m = 326 + 131. What is the tens digit of m?
5
Let p = 152 - 145. What is the units digit of p?
7
Let j = -1577 - -4002. What is the thousands digit of j?
2
Suppose 4*o - 166 = -2*t, -3*o - 4*t = -33 - 79. What is the tens digit of o + (-2 - -2 - -4)?
4
Let j = 15 + -13. Let t be (-247)/(-57)*(-1 - -4). What is the tens digit of 155/j - t/26?
7
Let o be 1 + (-4 - -95*7). Let u be o/5 - 3/(-5). Let s = u - 93. What is the tens digit of s?
4
Let m = -86 - -961. What is the hundreds digit of m?
8
Let d(p) = -p + 4. Let u be d(2). Suppose 0 = -i + u*q + 59, -i + 5*q + 285 = 4*i. What is the tens digit of i?
5
Let t = 21 + -50. Let b(u) = u**3 + u**2 + 3*u + 3. Let p be b(3). Let m = p + t. What is the tens digit of m?
1
Suppose 0*z - 5*z = -40. Let v(b) = 2*b - 11. Let w be v(z). Suppose -c - 81 = -4*c - w*n, 0 = -5*c - 2*n + 135. What is the tens digit of c?
2
Suppose 17 = 6*v - 13. Let k be (-6)/(-21) + 38/14. Suppose -50 = -k*n + v*m, m = -2*n - 0*m + 42. What is the units digit of n?
0
Let s(r) = 3*r**2 + 5*r + 10. Let p = 30 + -100. Let k be (p/(-21))/(2/(-3)). What is the units digit of s(k)?
0
Let w(h) = h**2 - 2*h - 8. Suppose -45*m + 43*m = 12. What is the units digit of w(m)?
0
Let r(z) = -z**2 - 14*z - 2. Suppose 2*h = 1 - 17. What is the tens digit of r(h)?
4
Let s(n) = 13*n - 17. Let f be s(3). Let l be ((-1)/(-2))/((-2)/(-16)). Suppose v + f = l*u - 191, -2*u + 4*v = -96. What is the units digit of u?
4
Let h(o) = o**2 + 3*o + 5. Let n be h(5). Let t = 83 + n. What is the hundreds digit of t?
1
Let i(l) = 254*l - 32. What is the units digit of i(2)?
6
Let l(c) = 1 - 4*c**2 - 14*c - 7 - 6*c**2 - 2 - 2*c**3. What is the hundreds digit of l(-6)?
1
Suppose -5*u = -5*w + 1285, -w + 2*w + 247 = -u. Let y be (u/(-45))/((-2)/(-10)). Suppose 3*f = 7*f - y. What is the units digit of f?
7
Suppose -g + 66 = 3*f - 14, -3*g + 136 = 5*f. Suppose 0 = -b - 4*s + f, -2*b + 3*s - 1 = -20. What is the units digit of 55/22*(b - 0)?
5
Let q(r) = 7*r**2 + 4. Let t(m) = 6*m**2 + 3. Let s(k) = 5*q(k) - 6*t(k). Let v be s(0). Suppose p = -v*p + 99. What is the units digit of p?
3
Let q(h) = 97*h + 2. Let i = 5 + -3. What is the hundreds digit of q(i)?
1
Let a = -3204 + 4574. What is the hundreds digit of a?
3
What is the tens digit of (24640/24)/(-11)*-3?
8
Let j(p) = p**2 - 8*p. Suppose 3*n - 150 = -4*x, 3*x = -2*n - 3*n + 118. Let i be (x/10)/((-16)/(-40)). What is the units digit of j(i)?
9
Let g be (1 + 1)/((-3)/27). Let w = g + 60. What is the units digit of w?
2
Let c(w) = w**3 - 20*w**2 + 91*w + 69. What is the units digit of c(22)?
9
Let l(f) = -32*f**2 - 38*f**2 + 69*f**2 - 114*f**3 - 2*f + 2. Let k be l(2). What is the tens digit of (4/12)/((-6)/k)?
5
Let k(r) = -55*r**3 + 7*r**2 + 18*r + 5. What is the units digit of k(-2)?
7
Suppose -5*p - 4 - 16 = 0, p + 1224 = t. What is the hundreds digit of t?
2
Suppose -t + 7 = -4*o + 65, -4 = -o - 5*t. Suppose x - 18 = -o. Suppose 65 - 256 = -5*c - 2*r, 4*c - 160 = -x*r. What is the tens digit of c?
3
Suppose 2*r + 4*q + 4 = 0, 0 = -2*r - 2*r - 2*q - 14. What is the units digit of (-106)/r - 9/(-18)?
7
Let w be 6/(-4)*80/(-24). Suppose f = -0*f - 3*j + 8, w*j = -f + 16. What is the tens digit of (-2)/(-8) - 139/f?
3
Let b = -866 - -2148. What is the hundreds digit of b?
2
Suppose -17 = 5*g - 12. What is the units digit of (g - 8/(-2))*(-536)/(-24)?
7
Let b(m) = -4*m - 16. Let h be b(-13). Let x = -13 + h. Suppose a - x + 0 = 0. What is the units digit of a?
3
Let k(d) = -4*d**2 - 4*d + 17. Let h(p) = 1. Let y(i) = -5*h(i) - k(i). What is the units digit of y(-9)?
6
Suppose 6*s = s + 2240. Suppose -s = -5*h + 167. What is the hundreds digit of h?
1
Let y(k) = 3 + 5*k - 5 - 13*k. What is the tens digit of y(-2)?
1
What is the thousands digit of (1 - 1600/6)*(-13 + -5)?
4
Let r(t) = -t**3 + 4*t - 3. Let m be r(2). Let u(k) = 2*k - 4. Let j be u(m). What is the units digit of (-2)/((j/3)/5)?
3
What is the units digit of (-7473)/(-9) - (-20)/(-15)?
9
Suppose -3*d + 218 = -79. What is the tens digit of d?
9
Let w = -24 - -34. Suppose 2*q - 37 - 59 = 0. Suppose -w*m + q = -7*m. What is the tens digit of m?
1
Let k = -22 + 486. Suppose 0 = 13*b - 9*b - k. What is the tens digit of b?
1
Let q be (-1)/((-10)/(-25))*-60. Suppose -5*g - 3*a = -2*a - q, -a + 57 = 2*g. What is the tens digit of g?
3
Let v(y) = -2*y - 11. Let u be 0/(4/(-2 + 6)). Suppose -3*a - 61 + 22 = u. What is the tens digit of v(a)?
1
Suppose 0 = -j + q + 4038, 0 = -2*j - 2*q + 9183 - 1111. What is the thousands digit of j?
4
Let n be -3 + (-21)/(-3) + 1. Suppose 13*l = 11*l + 38. Suppose 2*p = n*i + l, 0 = 2*i + 3*i - 5. What is the tens digit of p?
1
Let z = 102 - 97. Let x(d) = 8*d**2 + 3*d + 12. Let r(f) = 9*f**2 + 4*f + 13. Let y(a) = -6*r(a) + 7*x(a). What is the units digit of y(z)?
1
Let t = -647 + -93. Let d be t/(-8)*6 + -1. What is the tens digit of (-2)/11 - d/(-22)?
2
Let d(b) = 43*b - 1. Let c be (15/6)/(1/2). Suppose c*i - 4 = i. What is the units digit of d(i)?
2
Suppose -13981 = -4*l + k, -3*l - 19*k + 22*k + 10479 = 0. What is the hundreds digit of l?
4
Let y(b) = 8*b - 7*b + 4 + 0*b. Let x be y(-2). Suppose 0 = -4*s + 4 - 0, x*w - 126 = 4*s. What is the tens digit of w?
6
Let b(z) be the second derivative of 5*z**4/12 + z**3/2 - z**2/2 + 6*z. Let m be b(-3). Suppose -10*s = -11*s + m. What is the tens digit of s?
3
Let f = 642 + -335. What is the units digit of f?
7
Let y = 10527 + -7164. What is the hundreds digit of y?
3
Let u = 2426 - 859. What is the units digit of u?
7
Let c(r) = -46*r - 16. Let k be c(-4). Suppose -2*j + k = -0*j - 2*y, -3*y = 3*j - 240. What is the units digit of j?
2
Suppose 5*d = 3*s - 3, -1 = 3*s + 2*d - 4. Let u be s*(4 - 3) + -3. What is the units digit of 3 + u + 4 + 1?
6
Suppose -18*l + q + 6700 = -15*l, l + 4*q = 2216. What is the thousands digit of l?
2
Let p(m) = m**3 + 6*m**2 - 2*m + 5. Let w be p(-5). Suppos